 u = -21 + 41. Let m = 56 - u. Suppose 0*o - 4*o + m = 0. List the prime factors of o.
3
Let k be 2/5*(-480)/(-6). Let f = k + -4. List the prime factors of f.
2, 7
Let o(l) = -l**3 + l**2 + 2*l + 44. What are the prime factors of o(0)?
2, 11
Let o = 1 + 2. Let n(d) = -d**2 - 2 - 10*d + 0 - o. What are the prime factors of n(-8)?
11
Suppose -10*s - 258 = -12*s. List the prime factors of s.
3, 43
Suppose -2*o + 2*m = -2*m + 6, 2*m = 4*o. Suppose 2 = k + o. What are the prime factors of (-3)/3 - k - -14?
2, 3
Let g = 5 + -3. Suppose g*n - 4*n = 0. Suppose -4*t + b = -5*t + 18, -t - 2*b + 21 = n. List the prime factors of t.
3, 5
Let t(o) be the third derivative of -1/4*o**4 + 1/3*o**3 + 4*o**2 + 0 + 0*o. List the prime factors of t(-2).
2, 7
Let p = -2 + 6. Suppose 0*f + 16 = p*f. List the prime factors of f.
2
Let s = 108 - -146. What are the prime factors of s?
2, 127
Let m(p) = p**2 - 12*p - 6. Let c be m(11). Let n = c - -37. List the prime factors of n.
2, 5
Suppose -3*b + 3*q = -0*q - 60, -b - 4*q + 30 = 0. What are the prime factors of b?
2, 11
Suppose 4*q = -0*q + 8. Suppose -q*b = 2*c - 6, -5*c = 4*b - 0 - 17. List the prime factors of c.
5
Suppose 3*a + 1 = 10. List the prime factors of a.
3
Let w(h) = -h**3 + 2*h**2 + 2*h - 2. Let s = -1 - 1. What are the prime factors of w(s)?
2, 5
Let l = -16 - -27. Suppose l = h - 0*h. What are the prime factors of h?
11
Suppose 4 - 13 = -3*u. Suppose 0 = -f + 4*b - u, -f = 3*b - b - 15. List the prime factors of f.
3
Suppose x = h + 2, -2*x + 5*x = 2*h + 6. Suppose -x*w + 2 = -8. List the prime factors of w.
5
Let n = 23 + 3. What are the prime factors of n?
2, 13
Let u = -3 - 1. Let w = u + 14. List the prime factors of w.
2, 5
Suppose 3*r - 26 = -2*u, -2*u + 3*r + 2 = -0*u. Let b(t) = -t**3 + 8*t**2 - 5*t + 6. List the prime factors of b(u).
2, 5
Let p = 9 - 33. Let f = 35 + p. What are the prime factors of f?
11
Let m(k) = -k - 1. Let z be m(-6). Suppose 2*i - h = -i + 33, -3*i = z*h - 33. What are the prime factors of i?
11
List the prime factors of (-1 + 4 + -2)*23.
23
Let o = 257 - 152. Suppose 0 = 4*q - 23 - o. What are the prime factors of q?
2
Let g(i) = -13*i - 26. List the prime factors of g(-8).
2, 3, 13
Let j(x) = -x**2 - 7*x + 11. Let w be j(-8). Suppose -w*d + 6*d - 108 = 0. What are the prime factors of d?
2, 3
Let j(f) = -4*f**3 - 3*f**2 - f - 8. List the prime factors of j(-3).
2, 19
Let y = 210 - 71. List the prime factors of y.
139
List the prime factors of (-1015)/(-30) - 2/(-12).
2, 17
Let q(l) be the first derivative of 5*l**2/2 - 1. Let m be q(1). Suppose -12 = -4*b + w + 3, -m*w + 1 = -b. What are the prime factors of b?
2
Suppose 0 = 3*r - 4 - 2. Suppose 0 = -2*q - 5*t + 21, -17 = -r*q + t - 2*t. What are the prime factors of q?
2
Suppose 8*q + 196 = 652. Let p(a) = a**2 + 3*a - 7. Let c be p(-5). Suppose -q = -c*u - 0*u. List the prime factors of u.
19
Let h = -50 - -73. What are the prime factors of h?
23
Let w be (-51)/9*-3*1. Let h = -8 + w. List the prime factors of h.
3
Let f(w) = 5*w + 13. What are the prime factors of f(6)?
43
Let k = 196 - 128. What are the prime factors of k?
2, 17
Let d(a) = 6*a - 2. Let g be d(2). Suppose 0 = -5*c + 10 + g. What are the prime factors of c?
2
Let p be 0/1 - (-12 - -4). Let t(l) = -l**2 + 9*l + 2. List the prime factors of t(p).
2, 5
Let w = -8 - -12. What are the prime factors of w?
2
Suppose w - 4*q + 48 = 5*w, -w = -5*q. List the prime factors of (20 - -1) + (-40)/w.
17
Let n be (16/40)/(1/5). Suppose m = -2*h + 4, 0 = -m - n - 2. Suppose 37 = h*l + 9. List the prime factors of l.
7
Let o = 41 - 25. Suppose u - 5*u + o = 0. List the prime factors of u.
2
Let g = -82 - -238. List the prime factors of g.
2, 3, 13
Let b(p) be the third derivative of -5*p**4/24 + p**3/3 + 3*p**2. List the prime factors of b(-2).
2, 3
Let z = 79 - 14. List the prime factors of z.
5, 13
Suppose 49 = 2*i + 5*n + 13, 3*n = 5*i - 121. List the prime factors of i.
23
Suppose 4*k + 2*a + 4 = 0, -k - 4*a - 3 = 5. Suppose 4*f = -3*i - 7, 0 = -k*i + 5*i + 4*f + 1. Suppose -i*b + 31 = 13. What are the prime factors of b?
2, 3
Let x(i) = i**3 - 3*i**2 + 6*i - 4. Let j be x(5). Suppose 0 = -5*c + 4*f - f + j, 4*f - 34 = -3*c. List the prime factors of c.
2, 7
Let x(d) = d**2 + 4*d + 4. Let v(q) = -q + 2. Let n be v(3). Let o be 4/(n - 0/3). List the prime factors of x(o).
2
Let j = -51 - -37. Let d = -22 + 2. Let u = j - d. What are the prime factors of u?
2, 3
Let h(k) = -5*k**2 + k. Let m be h(1). Let g be (m/4)/((-2)/14). Let n(s) = -s + 14. List the prime factors of n(g).
7
Let o(a) = 3 - a**2 + 3*a - 1 + 5 - 3*a**3 - 6. List the prime factors of o(-2).
3, 5
Let s(i) = i**3 + 11*i**2 + 3*i + 7. List the prime factors of s(-10).
7, 11
Let z(o) = -o**3 + 5*o**2 - 3*o - 6. Let i be z(5). Let h = i + 29. What are the prime factors of h?
2
Suppose -48 = -i + 5*r, -94 = -3*i + 6*r - r. Suppose 5*x - i = 37. What are the prime factors of x?
2, 3
Suppose -4*p + 71 = -3*c + 8*c, 4*c - 64 = -5*p. List the prime factors of c.
11
List the prime factors of 4/(-3)*99/(-6).
2, 11
Let u = 52 + -20. List the prime factors of u.
2
Let a(q) be the first derivative of q**4/24 + q**3/3 + q**2/2 + 1. Let u(v) be the second derivative of a(v). What are the prime factors of u(0)?
2
Suppose 3*c - 6 = 2*u - 7*u, -u + 5*c = -18. What are the prime factors of 47 - (u - (-20)/(-4))?
7
Let r = 113 + -14. What are the prime factors of r?
3, 11
Suppose 0 = -s - 3 - 9. Let y = s - -8. List the prime factors of y/(-6) + (-31)/(-3).
11
Let w(j) = -j**2 + 7*j - 5. List the prime factors of w(5).
5
Let u(v) = v**2 + 2*v**3 - v**3 + 0*v**3. Let o be u(0). Suppose -5*k = -o*k - 35. List the prime factors of k.
7
Suppose 2*c + 6 = 16. Let j be c*(-15)/3 + 3. What are the prime factors of (-5 - j)/(1/1)?
17
Suppose 4*q - 9 = w, -5*q + 2*w + 12 = w. Suppose -q*r - 12 = -6*r. List the prime factors of r.
2
Suppose -5*n - 14 - 11 = 0. What are the prime factors of (-2)/n + 665/25?
3
Suppose -2*m = -5*r - 4, -2 = -4*m - r + 6. Suppose m*j - 11 = 19. What are the prime factors of j?
3, 5
Suppose 4*f - 252 = -72. Suppose -3*w + f = -12. List the prime factors of w.
19
Suppose 0*l = -l - 7. Let o(p) = p. Let a(w) = -5. Let v(r) = a(r) - o(r). List the prime factors of v(l).
2
List the prime factors of (-2 - -7)*936/15.
2, 3, 13
Let c(n) = 2*n**2 + 5*n + 15. What are the prime factors of c(-8)?
103
Let d(h) = 7*h**3 - 5*h**2 + 3*h + 9. List the prime factors of d(3).
2, 3
Let m(y) = y**2 - 4*y + 4. Let r be m(5). Let l = 2 + r. List the prime factors of l.
11
Suppose 7*o + 108 = 11*o. What are the prime factors of o?
3
Let w be (-2)/6*6/(-2). Let x(b) = -4 + 4 + 4*b**2 - 1. List the prime factors of x(w).
3
List the prime factors of 34*((-12)/(-8))/3.
17
Let p = 332 - 146. What are the prime factors of p?
2, 3, 31
Let g be 8 + 0 - (3 + -3). Let q be g/(-20) - 78/5. Let p = 23 + q. What are the prime factors of p?
7
Let s = -5 - -9. Let b(a) = a - 2. Let c be b(s). Suppose -v = -c*v + 10. List the prime factors of v.
2, 5
Let p(t) = -t + 1. Let z be p(1). Suppose 12 = -z*q + 3*q. Suppose 2*s + 3*s = -m + 55, m + 44 = q*s. What are the prime factors of s?
11
Let m be 11/(-2) + ((-15)/(-2))/5. Let b = 5 - 11. Let n = m - b. What are the prime factors of n?
2
Suppose -i + 248 = 5*t, t - i = 24 + 28. List the prime factors of t.
2, 5
Suppose 3 = r - 3*q, 3*q - 5 = r - 2*q. List the prime factors of r.
3, 5
List the prime factors of 44 - -4 - 3/((-3)/2).
2, 5
What are the prime factors of (-4)/(4 - 17/4)?
2
Suppose c - 5*b + 1 = 7, -c = 3*b - 6. Suppose -2*w = -c*w + 76. List the prime factors of w.
19
Let v(z) = 4*z + 19. List the prime factors of v(8).
3, 17
Suppose g = -3, q + 3*g - 1 = -q. Let s be 56/10 - (-2)/q. List the prime factors of (-2)/s*(-1 - 20).
7
Let r = -9 - -17. Let m(i) = -i**3 + 5*i**2 + 4*i + 5. Let y(q) = -q**3 + 4*q**2 + 5*q + 6. Let x(a) = 4*m(a) - 3*y(a). What are the prime factors of x(r)?
2, 5
Suppose -o + 2*n = -21, 2*o - 84 = -3*o + 3*n. Suppose -d = -o - 1. What are the prime factors of d?
2
Suppose 2*w = -0*w + 14. Let l(a) = 10*a + 2 - a**3 + 11*a - 13*a + 6*a**2. List the prime factors of l(w).
3
Let z(y) = -2 + 3 + 12*y - y**2 - 13. Let m be z(10). Suppose 4 = -2*r, -6*